9 composite?
True
Is 301341 a composite number?
True
Is 225371 composite?
False
Is 48358241 a prime number?
True
Is 14208539 a composite number?
False
Is 98068403 a prime number?
True
Is 29623433 prime?
False
Is 24239927 a composite number?
False
Is 5023009 prime?
False
Is 457018423 a composite number?
False
Is 398077 a composite number?
False
Is 32683927 a prime number?
False
Is 790805 a composite number?
True
Is 29032559 a composite number?
False
Is 3899977 prime?
True
Is 24018287 a composite number?
False
Is 76535707 a prime number?
False
Is 12951247 a prime number?
False
Is 80418631 composite?
False
Is 34858273 composite?
False
Is 645300901 composite?
True
Is 15180629 composite?
True
Is 1110833 prime?
False
Is 4690409 prime?
True
Is 85293253 a prime number?
True
Is 39260239 a composite number?
False
Is 104630813 a prime number?
False
Is 18193831 composite?
False
Is 845377 composite?
True
Is 176929877 a prime number?
True
Is 440044289 a prime number?
False
Is 83663693 prime?
True
Is 3805463 a prime number?
True
Is 171961703 prime?
True
Is 87727793 a prime number?
True
Is 16112461 prime?
True
Is 2929501 composite?
False
Is 20288914 composite?
True
Is 3822701 prime?
True
Is 248591593 a composite number?
False
Is 7487503 composite?
False
Is 1052531 a composite number?
False
Is 48005257 a composite number?
False
Is 240348655 composite?
True
Is 142833981 a composite number?
True
Is 4667615 composite?
True
Is 44755919 prime?
False
Is 2775841 composite?
False
Is 276189163 a composite number?
False
Is 13336871 composite?
False
Is 3445831 composite?
True
Is 126082603 composite?
False
Is 29248015 a composite number?
True
Is 27336931 a prime number?
True
Is 44896543 a composite number?
False
Is 85979 a prime number?
False
Is 293557 a prime number?
False
Is 664062301 a composite number?
True
Is 221542613 prime?
True
Is 1442419 a composite number?
True
Is 16651051 composite?
False
Is 37027691 composite?
False
Is 51773941 a composite number?
True
Is 1515481 a composite number?
True
Is 184437021 a prime number?
False
Is 331002533 a composite number?
False
Is 40496303 composite?
False
Is 22708469 a prime number?
False
Is 16970374 composite?
True
Is 3696383 a prime number?
True
Is 9523187 prime?
False
Is 101921357 composite?
True
Is 57709699 prime?
True
Is 1057853 composite?
False
Is 4438429 composite?
True
Is 12234289 a prime number?
False
Is 90974843 prime?
True
Is 4208689 a composite number?
False
Is 409733717 a composite number?
False
Is 122960413 prime?
False
Is 76486429 prime?
False
Is 5774039 composite?
True
Is 36355619 a composite number?
True
Is 122200833 a composite number?
True
Is 6550289 a prime number?
True
Is 3057227 composite?
False
Is 46653247 composite?
True
Is 58626199 prime?
True
Is 4270943 composite?
False
Is 11490607 a composite number?
True
Is 60501583 prime?
True
Is 160992121 a prime number?
True
Is 61150553 a composite number?
False
Is 184206629 a prime number?
True
Is 7945423 prime?
True
Is 126555197 a composite number?
True
Is 9833771 prime?
True
Is 8638991 a prime number?
True
Is 7067989 a prime number?
False
Is 4612054 prime?
False
Is 7216381 composite?
True
Is 2926559 prime?
True
Is 688577 prime?
False
Is 3874219 a composite number?
False
Is 101176133 a composite number?
False
Is 998681 prime?
True
Is 14781431 composite?
True
Is 22825147 a prime number?
True
Is 182096177 a composite number?
False
Is 310140821 a composite number?
False
Is 166829963 a composite number?
False
Is 62476345 composite?
True
Is 175999319 prime?
False
Is 1051229 a prime number?
False
Is 3720071 a composite number?
True
Is 3484259 a prime number?
False
Is 5915293 a prime number?
True
Is 14351 prime?
False
Is 108454649 a composite number?
False
Is 98111863 a composite number?
False
Is 48787597 composite?
False
Is 1350641 composite?
False
Is 8196077 a composite number?
False
Is 25951297 composite?
True
Is 120059 a composite number?
True
Is 7010789 prime?
True
Is 156996538 a composite number?
True
Is 6398981 a composite number?
False
Is 46808413 a prime number?
True
Is 1434438569 prime?
True
Is 201287543 a composite number?
False
Is 2392777 a composite number?
False
Is 227467 a composite number?
False
Is 4127989 prime?
True
Is 9414149 prime?
True
Is 113834489 composite?
False
Is 253082957 prime?
True
Is 64632947 a composite number?
True
Is 1692973 a composite number?
True
Is 4084207 prime?
True
Is 507173 composite?
True
Is 3289219 composite?
True
Is 187624831 a prime number?
True
Is 611293 prime?
True
Is 120871741 a prime number?
True
Is 77452079 composite?
False
Is 46943723 a composite number?
True
Is 14451829 prime?
False
Is 32999003 prime?
True
Is 8836741 prime?
True
Is 45423947 composite?
True
Is 107661077 composite?
False
Is 2333867 a composite number?
False
Is 4019993 prime?
True
Is 1762049 composite?
False
Is 2923 a composite number?
True
Is 786143 prime?
False
Is 141184129 composite?
False
Is 2432069 a prime number?
True
Is 165308861 a prime number?
True
Is 175422697 a composite number?
True
Is 8332759 composite?
False
Is 1240147 composite?
True
Is 1583899 a prime number?
True
Is 222319913 composite?
False
Is 1959521 a composite number?
False
Is 5380393 a prime number?
True
Is 45190891 a composite number?
False
Is 1026121 a prime number?
False
Is 50440171 composite?
False
Is 9922399 prime?
True
Is 3861829 prime?
False
Is 79520107 prime?
True
Is 757412017 a composite number?
True
Is 20145421 a composite number?
False
Is 1941503 a prime number?
True
Is 66741997 composite?
True
Is 5007349 a prime number?
False
Is 13487249 prime?
True
Is 2485477 composite?
False
Is 2679667 a composite number?
False
Is 818813 a composite number?
False
Is 314515 a prime number?
False
Is 268134569 prime?
True
Is 156752031 composite?
True
Is 7663489 a composite number?
False
Is 969211 composite?
True
Is 2595739 prime?
False
Is 175152877 composite?
True
Is 89764063 composite?
True
Is 2803027 prime?
False
Is 4618687 composite?
False
Is 4158859 composite?
False
Is 16297481 prime?
True
Is 96302341 prime?
False
Is 129382439 a prime number?
True
Is 109219889 composite?
True
Is 140491619 a composite number?
False
Is 17879489 composite?
False
Is 285905381 a composite number?
True
Is 495342013 composite?
False
Is 14785387 prime?
True
Is 24071591 a prime number?
True
Is 122977 composite?
True
Is 15493069 a composite number?
True
Is 451090169 composite?
False
Is 1176167 a prime number?
False
Is 19315817 a composite number?
False
Is 80499781 a composite number?
False
Is 7268263 a prime number?
False
Is 47773807 a composite number?
False
Is 15934903 a composite number?
False
Is 8989691 prime?
True
Is 7633321 a composite number?
False
Is 60486641 composite?
False
Is 2817743 a prime number?
True
Is 9823403 a prime number?
True
Is 866683561 prime?
True
Is 240990257 composite?
False
Is 35459911 a composite number?
True
Is 5711803 a composite number?
True
Is 5656705 a prime number?
False
Is 81858041 composite?
False
Is 125215949 prime?
True
Is 18619993 composite?
True
Is 25373099 prime?
False
Is 28992403 a prime number?
False
Is 18892117 a prime number?
False
Is 3688219 a composite number?
False
Is 145480459 composite?
True
Is 256399523 composite?
True
Is 4549139 a prime number?
False
Is 269730899 a prime number?
True
Is 58538567 prime?
True
Is 2421329 a prime number?
True
Is 538309363 prime?
True
Is 733543 a prime number?
False
Is 5914969 a composite number?
True
Is 13020941 a composite number?
True
Is 5140853 a composite number?
False
Is 9000241 a composite number?
True
Is 308384491 prime?
True
Is 42399527 a composite number?
False
Is 3300701 a prime number?
False
Is 9997639 a prime number?
False
Is 107799149 composite?
False
Is 35763817 composite?
True
Is 414077 a composite number?
False
Is 11728601 composite?
False
Is 278437 a composite number?
False
Is 306563 a composite number?
False
Is 19166779 prime?
True
Is 23634349 a prime number?
True
Is 19090709 composite?
True
Is 11748367 composite?
False
Is 811519 a composite number?
False
Is 1867583 a prime number?
False
Is 3534781 prime?
False
Is 48195197 a prime number?
False
Is 576406 composite?
True
Is 480702923 composite?
True
Is 36696469 a prime number?
True
Is 11810587 a prime number?
True
Is 186799579 prime?
False
Is 1579867 a prim